. Let l = j - f. Is l composite?
True
Suppose 4 = -2*s + 10. Suppose s*f + 4*z - 750 = f, -2*f + 3*z + 757 = 0. Is f prime?
False
Let z(g) = -g**2 + 20*g + 3. Let a be z(20). Suppose -a*i = k - 0*k - 1691, 4*k - 3*i - 6719 = 0. Let h = k - 985. Is h composite?
True
Suppose 28 = -125*l + 129*l, 3*u + 2*l = 1161785. Is u a prime number?
False
Is (27947870/(-6))/(8 - ((-550)/(-33) + -7)) composite?
False
Suppose -5*u - 5*c + 53 = -57, -3*u + 61 = -2*c. Suppose u*r - 174814 = 92831. Is r a prime number?
False
Let w(z) = z**3 - 30*z**2 - 30*z - 48. Let k be w(28). Let x = 2233 - k. Suppose 2*y = -y + x. Is y a prime number?
False
Let s(q) = -2*q**3 + 24*q**2 + 7*q + 9. Let d be s(13). Suppose -4*p + 1143 = -333. Let w = d + p. Is w a prime number?
True
Let j(a) = -a + 6. Let f be j(6). Let y be 1238230/285 - 2/(-6). Suppose 0*p + 2*p - d - 8681 = f, -p + 2*d + y = 0. Is p composite?
False
Let l = -126 + 2021. Let h = l + 234. Is h composite?
False
Suppose -v - 3*m = -m - 74, -v = 5*m - 80. Let l be ((-14)/42)/(v/36 + -2). Is -1*(12/l - 981) a composite number?
True
Let x(b) = -2*b + 14. Let r be x(7). Suppose 3*v - 22460 + 7163 = r. Is v prime?
True
Let x be (-1 - (-3 - -7))/(-1). Suppose x*q - 5 = 15. Let n(v) = 38*v - 3. Is n(q) a composite number?
False
Suppose -2196597 - 3112640 = -193*y. Is y a prime number?
True
Suppose 0 = g - i - 5, 0 = 3*g - 0*i + 5*i - 15. Let y be 8*(-1 + 2) - 1. Suppose g*v - y*v = -788. Is v a prime number?
False
Let l = 991506 - 513157. Is l a prime number?
False
Let h = 35 - 35. Suppose h*i = -4*i + 1224. Let f = i + -179. Is f prime?
True
Suppose 3*m + m - 3896 = 0. Let v = m - 2053. Let j = v - -1660. Is j a composite number?
True
Suppose -p + 3*u + 70 = p, 5*u = -5*p + 125. Let q(m) = 4*m**2 - 24*m + 37. Is q(p) a prime number?
False
Suppose 24*a + 17*a - 689497 = 0. Is a a composite number?
True
Let h(u) = -85803*u**3 - u**2 + 4*u + 3. Let q be h(-1). Suppose q + 10456 = 7*b. Is b a composite number?
False
Suppose 0 = -2*g + 4*s + 36, -34 = -0*g - 3*g + 2*s. Suppose 6*m = g*m - 4. Suppose -2*i + 3*j = -53, -m*j = -i - i + 48. Is i a composite number?
False
Let a be (10/3)/5 - 30/(-9). Suppose -a*g - 16 = 0, -4*l - 4*g = -3 + 11. Suppose -l*u = -2*w - 1798, 3285 = 4*u - 2*w - 315. Is u a prime number?
False
Suppose 16*v - 48 = 13*v. Let h be (-4)/(-8)*(-2 - (2 - v)). Let y(w) = 4*w**2 + 10*w - 13. Is y(h) composite?
False
Suppose -4*t + 2697575 = 11*x, 13*t = 15*t + 16. Is x a prime number?
False
Let z = -63290 + 137509. Is z a composite number?
False
Let o(v) = 4131*v - 251. Is o(28) a composite number?
True
Let r be 4 + 2 + (-56)/(4/(-1)). Let x(j) = j**3 - 12*j**2 + 3*j + 111. Is x(r) a prime number?
True
Suppose 3*w = 4*r + 13, 4*w - 2*r + 4*r = -12. Is (7638/8 - 8)/(w/(-4)) prime?
False
Suppose 0 = 9*l + 10134 - 41652. Let b = l + -1501. Suppose -b = -44*c + 41*c. Is c composite?
True
Suppose -3*q = -3841 - 2657. Let l = -1267 + q. Is l a composite number?
True
Let j(c) = -c**2 + 21*c + 9. Let t be j(21). Let w(r) be the first derivative of -r**2 + 39*r + 9. Is w(t) a prime number?
False
Let j(f) = -f**3 - 46*f**2 - 125*f - 217. Is j(-64) composite?
True
Suppose 0 = -4*a + 3 + 5. Let h be (110/(-44))/(a/(-76)). Suppose -z + 4*t = -h - 95, z - t - 199 = 0. Is z composite?
True
Let b = -85 - -57. Let u(y) = 7*y**2 - 60*y - 17. Is u(b) composite?
False
Let d be ((-6)/18)/((-4)/(-42))*-662. Let o = d + -1422. Is o prime?
False
Let v = 13 - -332. Is -5 - (v + -1)*-3 a composite number?
True
Suppose 5*x + 74 = g, -3*x + 342 = 3*g + 2*g. Suppose 66*k - g*k + 48597 = 0. Is k prime?
False
Let y = 88969 + -15960. Is y a prime number?
True
Suppose 5*k - 41269 = -y - 2482, y - 3*k = 38787. Suppose 8*r - y = r. Is r a prime number?
False
Is 387852/18*(-90)/(-60) composite?
False
Let b be (208/(-20))/((-3)/(-180)). Let x = b + 1543. Is x a prime number?
True
Let w(s) = -11*s + 191. Let t be w(10). Suppose 14138 = -79*a + t*a. Is a composite?
False
Let r be (-14 - -18)*(-3)/6. Is (r/(-3))/((-4)/(-140502)) a prime number?
True
Let i(r) = -41*r**2 + r - 25. Let g(j) = 113*j**2 - 3*j + 73. Let n(l) = 4*g(l) + 11*i(l). Suppose 2 = 5*h - 43. Is n(h) a prime number?
True
Suppose -5*c - 84 = -0*i - 4*i, 0 = -3*i + c + 52. Let w(a) = -6*a - 42. Let z be w(-10). Suppose z*s = i*s + 322. Is s composite?
True
Let c = 136 - 88. Let a = 50 - c. Is a*(-4)/(-2 + -2) + 1149 composite?
False
Let l = 592499 - 253396. Is l composite?
False
Let l(t) = -369*t**3 + 12*t**2 + 41*t + 333. Is l(-8) prime?
True
Let g = 3066 - 1575. Let h = -218 + g. Is h prime?
False
Let r(d) = 623*d**2 - 11*d + 11. Let c be r(1). Let h = c - -1476. Is h a composite number?
False
Suppose -u - 1473 = -2*t, -5*t + 4914 - 1227 = -4*u. Suppose -j + 0*g - 4*g + t = 0, 2960 = 4*j - 4*g. Is j a prime number?
True
Let a(i) = -i**2 + 27*i - 60. Let g be a(25). Is (-2)/g - (-173432)/190 prime?
False
Let l(v) = -v**3 - 49*v**2 + 26*v + 77. Suppose -4*u - 145 - 53 = -3*g, 2*g - 251 = 5*u. Is l(u) prime?
False
Let o(v) = -590*v**3 - 6*v - 3. Suppose -2*z = -4*n, -n = 2*z + 3*z + 11. Is o(z) a composite number?
False
Let a(m) = m**2 - 238*m - 47. Is a(-68) prime?
False
Let y = 40 - 38. Suppose -17 - 24 = -4*u + 5*m, -u + 14 = -y*m. Suppose 0 = 4*v - u*w - 12632, 3*v - 8*v = -4*w - 15795. Is v prime?
True
Let f = -59289 + 113990. Is f a composite number?
True
Suppose 12 = l - 2*z, -5*l + z = 2*z - 82. Let c = l - 14. Is 16/(-32) - (-839)/c prime?
True
Suppose -43*o = 67190 - 294187. Is o a composite number?
False
Is (253686/(-9))/((-77)/21 + -5 + 8) a prime number?
True
Let i(x) = 33*x**3 + 15*x**2 + 18*x - 7. Is i(16) a composite number?
True
Suppose -788796 = -17*k + 197935. Is k a composite number?
False
Let j = 173 - 170. Is j/(-12) - (-15353)/52 prime?
False
Suppose 0 = 8*a + 275 + 61. Let k = a + 42. Suppose k = -18*m + 23*m - 115. Is m a prime number?
True
Let o be 167*2/(4 - 18/4). Let c = 376 + o. Let v = c + 851. Is v prime?
False
Suppose 154*k = 10*k + 58*k + 85180334. Is k a composite number?
False
Let g = 146 + -162. Is (g/24)/(4/(-6282)) prime?
False
Let j be ((297/4)/(-9))/((-9)/(-48)). Is ((-24585)/j)/(3/4) a prime number?
False
Suppose -27 = -12*p + 3*p. Is (p - 0)/(3/3833) a composite number?
False
Suppose 0 = 3*c + 5 + 7. Let u(m) = m**3 + 5*m**2 - 5*m - 6. Let q be u(c). Is 2/(-6) + 69280/q a prime number?
True
Suppose 2*c = -2*v + 191083 + 3003, v - 194089 = -2*c. Is c prime?
False
Is 138399/(-2)*166/(-249) prime?
True
Suppose 16 = 4*x + 2*z, -z - 69 + 65 = -2*x. Is (x/(-9))/(20/(-50340)) composite?
False
Suppose -3*t + 80333 = 4*k, -31*t + 80338 = 4*k - 29*t. Is k a prime number?
False
Let w = 155062 - 108801. Is w composite?
False
Suppose 3*z + 9 = 51. Is 35512/z - (-42)/98 a composite number?
True
Suppose -2*x + 1033565 = -4*x + 15*x. Is x a composite number?
True
Let j(r) = r**2 + 11*r - 4. Let t be j(-12). Let b = 625 - 303. Suppose -f + t*f = b. Is f prime?
False
Let l = 58 - 57. Let r be l/(-3) + (28/6)/(-7). Is (6 - 5)*(1596 - r) composite?
False
Let c be ((-432)/(-14))/((-80)/(-3640)). Suppose -3*k - j = -c, 4*k - 20*j - 1865 = -19*j. Is k composite?
False
Suppose -2*q - 340 = -4*q. Suppose 0 = -2*f + 3*m + q, -f + m - 340 = -5*f. Is f a composite number?
True
Suppose -2*r + 7*b - 8*b - 11 = 0, -3*r = -5*b + 23. Is 72198/504*(16/r)/(-1) prime?
False
Let d(m) = 117*m**2 - 26*m - 31. Is d(-22) prime?
False
Let m(o) = -5319*o - 2424. Is m(-23) a composite number?
True
Suppose 14*y - 1364263 - 2222812 = 9*y. Is y prime?
False
Let s be (-25 + 11)/(2 - 3). Let h(p) = 11*p**2 + 3*p - 37. Is h(s) a composite number?
False
Suppose 12*s = 10*s - 3*u + 9, -3*u + 18 = 5*s. Suppose s*y + 8*y - 80454 = 0. Let f = y - 3623. Is f a composite number?
False
Let k be 3*(-3)/9 + 3. Let l = k + -4. Let f(p) = -55*p**3 + 3*p**2 + 2*p + 3. Is f(l) a prime number?
False
Let v = 776 + -771. Is (v + -8)*(3 - 3646) composite?
True
Let z(o) = 108*o**2 - o + 10. Let k = -57 - -61. Suppose 4*j + j + 5 = 2*c, 5*j + 15 = k*c. Is z(c) composite?
True
Let k(g) = -2*g**3 - 6*g**2 + 2*g + 7. Suppose -13 + 3 = -2*z. Suppose -z*y - 3*b = 31, 4*y + 2*b + 25 = -1. Is k(y) prime?
True
Suppose -g + 146 = 2*f, -5*g + f + 109 + 610 = 0. Suppose 4*v - g = 5*l, 163 = 5*v + 27*l - 29*l. Is v 